5*p. Let m(z) = -15 + 3*z**2 - z**2 + 4 + 0 + g - 24*z**3. Determine m(-1).
25
Let w(l) = l**3 + 3*l**2 + 3*l + 3. Let m = -13 + 121. Let i be (m/48)/(-1*(-2)/(-8)). Let r be 8/(-12)*i/(-2). Give w(r).
-6
Let g(y) = -3*y**3 + 3*y**2 - 3*y + 2. Let s = 20 + -17. Suppose -47 = 2*m - s*w + 11, m + 16 = -5*w. Let t be (-21 - m)*(-2)/(-5). Give g(t).
-16
Let c(u) = 4*u**3 - 25*u**2 + 5*u + 110. Let n(m) = -m**3 + 8*m**2 - m - 32. Let p(l) = 2*c(l) + 7*n(l). Determine p(-3).
14
Let l(m) = -m**2 - 5*m - 5. Let g(y) = -25*y + 1371. Let b be g(55). Determine l(b).
-1
Let f(s) be the third derivative of -s**6/60 + s**5/15 - s**4/6 - s**2 + 35*s + 1. Give f(1).
-2
Let n(m) = -32*m - 93. Let j(s) = -7*s - 23. Let p(y) = 9*j(y) - 2*n(y). Calculate p(20).
-1
Suppose 0 = -75*y - 77*y + 3*y + 4321. Let w(u) = -9*u + 258. Calculate w(y).
-3
Let c(t) = -5*t + 64. Let s be c(-18). Let v = s + -161. Let k(d) = d - 5. Give k(v).
-12
Let p be (-6)/(-12)*7 + (-1)/2. Let c(q) be the first derivative of -5*q**2 - q - 1235. Give c(p).
-31
Suppose -8*b + 63 = -5*b + 3*p, 0 = 4*b + 5*p - 85. Let v(h) = -h**2 + 3*h - 11 - b + 21. Determine v(0).
-10
Let r(q) = q**2 - q**2 + q**3. Let t be (-753)/7 + (-33)/77. Let g = t + 107. Determine r(g).
-1
Let c(g) = -20*g. Let z(y) = -34*y**2 - 2007*y - 58. Let k be z(-59). Determine c(k).
-20
Let b = 16 + -22. Let s(l) = -38*l - 10. Let t(w) = w**2 - 29*w - 1. Let a(f) = s(f) - t(f). Determine a(b).
9
Suppose 5*w = -4*t + 29, 3*w + 0*t - 3*t = 39. Let a(p) be the third derivative of 5/3*p**3 - 1/24*p**4 + 0*p + 0 + 127*p**2. Give a(w).
1
Let u(q) be the second derivative of -q**4/12 + q**3 + q**2 + 35*q. Let b be u(6). Let g(v) = -2*v - v - 12*v**b + 13*v**2 - 3*v. Calculate g(6).
0
Suppose -3*k = v - 27, -12*v + 13*v = 4*k - 43. Let g(p) = -p + k + 7*p + 2*p - 15 + 11. Give g(-3).
-18
Let z(o) = o**2 + 9*o - 14. Suppose 0 = 5*g + 25, 5*x + 2*g = 8*x + 2. Let i(k) = -3*k**2 - 7*k + 10. Let a be i(x). What is z(a)?
-4
Let c(w) = 3*w - 16. Suppose 0 = 5*y + 10, 5*j = j + y - 6. Let x be (24/3 - -5) + j. Calculate c(x).
17
Let i(j) = 2*j**2 + 135*j - 2872. Let k be i(17). Let c(r) = -49*r**2 - 4*r + 2. Give c(k).
-51
Let z(o) = -445 - 8*o + 1794 - o**2 - 447 - 449 - 444. Give z(-6).
21
Let q(f) = -f**2 + 8*f - 8. Suppose 2*h = -s - 2*s + 109, -3*s + 5*h = -95. Let z = -93 - -99. Suppose -z*k + s = -k. Give q(k).
-1
Let p(t) = -3*t. Let d = -45 + 41. Let u be (2 + d)*23/2. Let s(q) = -q**3 - 24*q**2 - 23*q + 2. Let z be s(u). Give p(z).
-6
Let m(x) = -3*x**2 - 11*x + 52. Let w(r) = 74*r - 35 + 2*r**2 - 36*r - 30*r. Let k(p) = -5*m(p) - 7*w(p). Calculate k(0).
-15
Suppose -31*m = 371 - 619. Let r(k) = -k**3 + 9*k**2 - 6*k + 17. Calculate r(m).
33
Let r(f) = -4*f**3 + f**2 - 2*f. Let q(d) = 62*d**3 + 2*d**2 + 37*d - 18. Let c(a) = -q(a) - 15*r(a). Give c(-8).
10
Let j = 387 - -376. Let b(g) = -5*g**2 + j*g**3 - 2 - 762*g**3 - 3. Determine b(4).
-21
Suppose 5*w - 2*u = 8, -2*u + 6*u = 4. Let s(k) = 40 + w*k - 3*k - 12 - 22. Suppose -l = f - 3, -5*l + l - f + 21 = 0. Determine s(l).
0
Suppose -11*p + 10 = 73 + 3. Let w(k) = -k**2 - 12*k - 30. Determine w(p).
6
Let r(f) = 54*f - 34. Let m(n) be the first derivative of -17*n**2/2 + 11*n - 23. Let s(u) = 16*m(u) + 5*r(u). Determine s(4).
-2
Suppose 2*z = -3*z + 12*z. Let c(l) = -l**3 + 0 + 2 + 1 - 4*l**2 - l + z*l. Suppose -4*s = -0*s + j + 19, j - 9 = 3*s. Calculate c(s).
7
Let b(a) be the first derivative of -37 + 6*a - 9/2*a**2 - 1/4*a**4 - 8/3*a**3. What is b(-7)?
20
Let o(m) = -m**3 - 5*m**2 + 5. Suppose -5*s = -7*s + 3*n + 286, -5*s + 715 = 5*n. Let b = 139 - s. What is o(b)?
-11
Let m = 49 - 46. Suppose m*l = -l - 2*g, -12 = 3*g. Let i(f) = -7*f**2 + 2*f - 2. Let o(n) = -19*n**2 + 5*n - 5. Let c(q) = -8*i(q) + 3*o(q). Calculate c(l).
-5
Suppose 29*m - 134 = -18. Suppose 5*p + 4*s = 5*s + 35, -2*p + 4*s - m = 0. Let a(q) = -q + 8. Determine a(p).
0
Suppose -d + 2*m + 8 = 0, -13 = -2*d - 3*m + 3. Let x(h) = -3*h + 5 + 0*h**2 + h**2 - d*h + 0*h**2. Give x(10).
-5
Let w(s) be the second derivative of s**4/12 + 2*s**2 + 12*s - 28. What is w(7)?
53
Let t(a) be the third derivative of -1/6*a**3 + 0 + 0*a - 1/20*a**5 + 180*a**2 + 1/8*a**4. What is t(2)?
-7
Suppose 4*z + 5*s = 9, 5 + 1 = z + 5*s. Let c(r) = 2*r**3 - 4*r**2 - r - 1. Let u(h) = h**3 - h**2 - h. Let b(a) = z*c(a) - 3*u(a). Calculate b(-2).
-1
Let p(x) = 131*x + 122*x + 8 - 249*x + 25*x**2. Calculate p(-2).
100
Let x(k) = -k**3 + 6*k**2 + 8*k + 9. Let d = 213 + -211. Suppose -d*z + 11 = 3*f, -2*f = -0*z - 2*z + 16. Give x(z).
16
Let w = 6 - 5. Let r(i) = -8 + 15*i**2 + 6*i**3 + 6 + 32*i - 13*i**2 - 31*i. Determine r(w).
7
Let l(n) = -n**3 - 11*n**2 - 1 + 34 - 6*n - 19 - 12. Give l(-11).
68
Let w(a) = -7*a + 75. Let j = -2576 + 2586. What is w(j)?
5
Let y be (1350/315)/((-5)/(-42)). Suppose -u + 11 = b, 3*b = 3*u + 7*b - y. Let q(i) = -i**3 + 8*i**2 - i + 10. Calculate q(u).
2
Let z(d) be the second derivative of -8*d + 1/6*d**3 - 2*d**2 - 5. Suppose -4*b + 48 = 4*x, 2*x - 4*b - 19 + 1 = 0. Calculate z(x).
7
Let g(d) be the first derivative of -d**4/4 - 8*d**3/3 + 9*d**2 + 31*d + 8786. Give g(-10).
51
Let d(z) = -84*z**2 + 4*z + 4 + 205*z**2 - 83*z**2 - 102*z**2. Calculate d(-1).
-64
Let n(q) = -q**2 - 7*q - 1. Let s be (-276)/36 + (-20)/15. Determine n(s).
-19
Let s(j) = -j**3 + 5*j**2 + 4*j - 4. Let g = -18 + 49. Suppose 5*w = 51 - g. Calculate s(w).
28
Let r = -13066 + 13069. Let z(o) = -19*o + 57. Calculate z(r).
0
Let n(k) = -21*k**3 - 28*k**3 + 57*k**3 - 9*k**3 + 8*k**2 - 30. Determine n(9).
-111
Let i(r) be the third derivative of r**7/120 - r**6/360 + r**5/120 + 17*r**4/8 - 2*r**2 + 17. Let b(p) be the second derivative of i(p). What is b(1)?
20
Let y = -5428 + 5428. Let z(n) = -2*n**2 + 86. Determine z(y).
86
Let q(f) = f**3 + 6*f**2 + 4*f + 2. Let z(m) = -m**3 + 16*m**2 + 2*m - 37. Let o be z(16). Let s be -6*1 - 5/(o/4). What is q(s)?
10
Let p(d) = 2 + 4*d**3 - d**2 + 17*d**3 - 22*d**3 - 4*d + 2*d**3. Determine p(2).
-2
Let s(l) be the second derivative of 3/2*l**3 + 3/8*l**4 + 0 - 8*l + 9*l**2 - 2/15*l**5 - 1/120*l**6. Let r(c) be the first derivative of s(c). What is r(-9)?
9
Let i(k) = -17 - 27 - 7*k - 22 - 11 + 92. What is i(-8)?
71
Let z(r) = 2*r**2 - 7*r + 7. Let m(w) = -6*w**2 + 20*w - 21. Let g(d) = 2*m(d) + 7*z(d). Calculate g(7).
42
Let q(d) be the first derivative of d**2/2 + 11*d - 1131. Calculate q(-8).
3
Let p(g) = g**3 - 7*g**2 - g + 9. Let z be p(7). Let y be 9 - 5/10*z. Suppose 0 = -4*i + y*i. Let o(m) = m**2 + m - 6. Determine o(i).
-6
Let a(x) = x**3 - 8*x**2 + 1. Let i = -5545 - -5552. Determine a(i).
-48
Let u(h) = 2454*h**2 + 23*h + 2451*h**2 + 2450*h**2 - 7354*h**2 + 23. Give u(-22).
1
Let d(s) be the third derivative of -s**8/20160 + s**7/720 - s**6/120 + 49*s**5/60 + s**2 + 24*s. Let u(o) be the third derivative of d(o). Give u(5).
4
Let c be (-840105)/(-540) + ((-6)/8)/(-3). Let j(f) = 1550 + 0*f + f - 8*f**2 - f**3 - c. Let h be (-140)/18 - 4/18. Determine j(h).
-14
Let i = -120 + 119. Let q(a) = -6*a**2 + 8*a - 2. Let w(l) = 12*l**2 - 14*l + 3. Let z(p) = 5*q(p) + 3*w(p). Determine z(i).
7
Let f(i) = 2*i + 20. Let q be f(-8). Let n(r) = -128*r - 2 + q + 129*r - 4. Let g(z) = -z - 1. Let b be g(-7). Determine n(b).
4
Let b(j) be the second derivative of -j**4/12 + 3*j**3/2 - 5*j**2 - j. Let t be (7 + -4)/((-3)/(-4)) + (-6 - -9). What is b(t)?
4
Let o(f) = -f**3 + 6*f**2 - 3*f - 4. Suppose 0 = 19*n - 20*n. Suppose -3*m + 37 = -n*m + 5*c, m - 9 = -c. Suppose 0 = -m*p - 2*p + 30. Give o(p).
6
Let y(v) = -9*v + 2. Let f(j) = j**3 + 3*j**2 - 13*j + 2. Let o be f(-4). Let q = 9 + o. Let m = q + -44. Determine y(m).
-25
Let i(f) be the second derivative of -1/6*f**4 + 1/2*f**2 + 0*f**3 + 16*f + 1/20*f**5 + 2. Calculate i(-1).
-2
Let m = -10727 + 10716. Let t(d) = d**2 + 24*d + 141. Calculate t(m).
-2
Let a(r) = -10*r - 4*r**2 + 9 + 3*r + 3*r**2. Let x be 6/90*-6 + (-33)/5. Give a(x).
9
Let j(m) = m**3 + 4*m**2 + 3*m. Suppose 44 = -2*v - 9*v. Let y be 0 + -9 + 10 + v. What is j(y)?
0
Let k(g) = g - 16. Let n(v) = -v**2 - 25*v - 132. Let j be n(-15). What is k(j)?
2
Let j(o) = -o - 3. Suppose 6*w + 4744 = 1438. Let u = w + 539. Give j(u).
9
Suppose 2*t - f = 8, -4*t + 4*f = -7 - 9. Let g(l) = -3 + 3